{"id":139,"date":"2020-11-09T15:34:32","date_gmt":"2020-11-09T15:34:32","guid":{"rendered":"http:\/\/www.hosteleriabilbao.com\/?page_id=139"},"modified":"2020-11-10T18:05:57","modified_gmt":"2020-11-10T17:05:57","slug":"portada","status":"publish","type":"page","link":"https:\/\/www.hosteleriabilbao.com\/","title":{"rendered":"Inicio"},"content":{"rendered":"\n<p>La hosteler\u00eda y restauraci\u00f3n de <strong>Bilbao<\/strong> est\u00e1 cerrada y con grandes necesidades que ponen en riesgo su viabilidad presente y futura. La agrupaci\u00f3n Empresarial <a href=\"https:\/\/www.bilbaocentro.com\/es\/inicio.html\">BilbaoCentro <\/a>pone en marcha, como medida de apoyo al sector, una bater\u00eda de iniciativas que pretenden paliar su situaci\u00f3n y promocionar la parte del negocio de aquellas empresas que pueden mantenerse con venta directa al consumidor.<\/p>\n\n\n\n<p>Por ello, y antes de nada, hacemos un llamamiento a las personas de <strong>Bilbao<\/strong>, a los clientes tradicionales de nuestra hosteler\u00eda, porque en nuestra mano est\u00e1 el apoyarles en todo momento y tener cerca a los establecimientos que tanto a\u00f1oramos ya. Ni un paso atr\u00e1s en nuestra forma de vivir y relacionarnos, este es el llamamiento de <a href=\"https:\/\/www.bilbaocentro.com\/es\/inicio.html\">BilbaoCentro<\/a> a la sociedad.<\/p>\n\n\n\n<p>En este espacio web recogemos la oferta de aquellos establecimientos que mantienen su servicio a trav\u00e9s de la comida para llevar, a quienes nos pueden hacer disfrutar de nuestra gastronom\u00eda en casa hasta que se levante el cierre de tantos y tantos negocios.<\/p>\n\n\n\n<p><strong>BilbaoCentro<\/strong>, <strong><em>hosteler\u00eda de calidad.<\/em><\/strong><\/p>\n\n\n\n<hr class=\"wp-block-separator\"\/>\n\n\n\n<hr class=\"wp-block-separator\"\/>\n\n\n\n<p><strong>Bilbo<\/strong>ko ostalaritza eta jatetxeak itxita daude, eta premia handiak dituzte, egungo eta etorkizuneko bideragarritasuna arriskuan jartzen dutenak.<a href=\"https:\/\/www.bilbaocentro.com\/es\/inicio.html\"> BilbaoCentro<\/a> enpresa-elkarteak, sektoreari laguntzeko neurri gisa, hainbat ekimen jarri ditu abian, sektorearen egoera arintzeko eta kontsumitzaileari zuzenean salduta mantendu daitezkeen enpresen negozioaren zatia sustatzeko.<\/p>\n\n\n\n<p>Horregatik, eta ezer baino lehen, <strong>Bilbo<\/strong>ko pertsonei eta gure ostalaritzako bezero tradizionalei dei egiten diegu, gure esku baitago uneoro babesa ematea eta hainbeste faltan botatzen ditugun establezimenduak gertu izatea. Gure bizimoduan eta harremanetan atzerapausorik ere ez, horixe da <a href=\"https:\/\/www.bilbaocentro.com\/es\/inicio.html\">BilbaoZentroak<\/a> gizarteari egiten dion deia.<\/p>\n\n\n\n<p>Web gune honetan, beren zerbitzuari eusten dioten establezimenduen eskaintza jasotzen dugu, janariaren bidez, gure gastronomiaz etxean goza gaitzaketenak, negozio asko eta asko itxi arte.<\/p>\n\n\n\n<p><strong>BilbaoCentro<\/strong>,<strong><em> kalitatezko ostalaritza.<\/em><\/strong><\/p>\n","protected":false},"excerpt":{"rendered":"<p>La hosteler\u00eda y restauraci\u00f3n de Bilbao est\u00e1 cerrada y con grandes necesidades que ponen en riesgo su viabilidad presente y&hellip;<\/p>\n","protected":false},"author":1,"featured_media":0,"parent":0,"menu_order":0,"comment_status":"closed","ping_status":"closed","template":"","meta":[],"_links":{"self":[{"href":"https:\/\/www.hosteleriabilbao.com\/index.php\/wp-json\/wp\/v2\/pages\/139"}],"collection":[{"href":"https:\/\/www.hosteleriabilbao.com\/index.php\/wp-json\/wp\/v2\/pages"}],"about":[{"href":"https:\/\/www.hosteleriabilbao.com\/index.php\/wp-json\/wp\/v2\/types\/page"}],"author":[{"embeddable":true,"href":"https:\/\/www.hosteleriabilbao.com\/index.php\/wp-json\/wp\/v2\/users\/1"}],"replies":[{"embeddable":true,"href":"https:\/\/www.hosteleriabilbao.com\/index.php\/wp-json\/wp\/v2\/comments?post=139"}],"version-history":[{"count":0,"href":"https:\/\/www.hosteleriabilbao.com\/index.php\/wp-json\/wp\/v2\/pages\/139\/revisions"}],"wp:attachment":[{"href":"https:\/\/www.hosteleriabilbao.com\/index.php\/wp-json\/wp\/v2\/media?parent=139"}],"curies":[{"name":"wp","href":"https:\/\/api.w.org\/{rel}","templated":true}]}}